Let r be 2/(2*1/2). Suppose -5*b + r + 18 = y. What are the prime factors of b?
2
What are the prime factors of (30/12 + -2)*178*1?
89
Suppose -3*f = -6*f + 36. Suppose 4*q - q + f = 0. What are the prime factors of (-10)/q*(-6)/(-3)?
5
Let q = -14 - -12. What are the prime factors of (-3 - (-18)/(-4))*q?
3, 5
Let i(p) be the second derivative of p**5/20 - p**3/6 - 4*p**2 - 2*p. Let u be i(0). Let c(g) = g**2 + 7*g. List the prime factors of c(u).
2
Let k(z) = z + 10. Let u be k(-5). Suppose n - 4 = u*n. What are the prime factors of n/((-1)/20) - 1?
19
Suppose 2*k - 7 = -15. Let w be (k/(-3))/(1/3). Suppose -w*r + 54 - 9 = 3*q, 56 = 5*r + 4*q. What are the prime factors of r?
2, 3
Suppose y - 6*y + 20 = 0. Suppose -8 = -r + 3*z - z, y*z + 22 = 3*r. List the prime factors of r.
2, 3
Suppose 206 = 13*o - 626. What are the prime factors of o?
2
Let b = -22 - -277. List the prime factors of b.
3, 5, 17
Suppose -3*p + v + 3 = 0, -2*v - v = -2*p + 2. Let s be 1 - -60 - 0/p. Suppose 3*y + 80 = 5*f - y, 0 = -3*f + 5*y + s. What are the prime factors of f?
2, 3
Suppose 0*k - 5*k + 3*g = -29, 0 = -5*k - 4*g + 8. Suppose -k*w + 2*w = -22. List the prime factors of w.
11
Suppose 4*m = 0, -m = -b + 2*b. Suppose -3*s - 2 + 32 = b. List the prime factors of s.
2, 5
Suppose 0 = -5*k + 10 - 0. What are the prime factors of 1/(k/62) + 4?
5, 7
Let m(s) = -s**2 - 13*s - 3. Let o = -36 - -25. What are the prime factors of m(o)?
19
Suppose 0*w - 7 = 3*l + 2*w, -5*l - 5*w - 15 = 0. Let n = 2 - l. What are the prime factors of n?
3
Let r be -2*(1 + 76/8). Let k = 35 + r. List the prime factors of k.
2, 7
Let z(k) be the second derivative of -k**4/12 - 8*k**3/3 + 5*k**2 - 8*k. List the prime factors of z(-13).
7
Suppose 5*g - g = 3*r + 195, 4*r - 160 = -4*g. What are the prime factors of g?
3, 5
Suppose 5*m - 279 = 4*x, -4*x - 270 = -7*m + 5*m. What are the prime factors of -4 + 1 + x/(-2)?
2, 3, 5
Let m = 261 + -112. Suppose 4*k = -3*i + 128, 2*k + i = -3*k + m. Let j = k - 17. What are the prime factors of j?
2, 3
Let p = 4 + -1. Let o = 4 - p. List the prime factors of (5*(-1)/(-1))/o.
5
Let c be 1/(-1)*(5 + -8). Suppose c = 2*v + 5*r, -2*v + r + 27 = -2*r. What are the prime factors of ((-18)/(-4))/(v/48)?
2, 3
Let l(t) = 21*t - 24. List the prime factors of l(6).
2, 3, 17
Suppose -4*w - 45 + 9 = 0. Let t be ((-9)/w)/(-1 + 0). List the prime factors of 3*t/(-2)*4.
2, 3
Let j = -115 - -300. What are the prime factors of j?
5, 37
Suppose 3*r + 25 = -l, 3*l + l + 44 = -4*r. Let a = -1 + 16. Let f = r + a. What are the prime factors of f?
2
Suppose -4*u + 6 = -3*u. What are the prime factors of u?
2, 3
Suppose -9 - 101 = -2*b. List the prime factors of b.
5, 11
Let o = -3 + 3. Suppose 4*j - 56 - 48 = o. List the prime factors of j.
2, 13
Let v = 22 - 22. Suppose -2 = -5*h + 5*b + 8, v = -h + 4*b - 7. List the prime factors of h.
5
Let y(b) = -27*b**3 - 1. Let d be y(-1). Suppose 4*x + f = -0*x + 14, 5*f = 4*x - d. What are the prime factors of x?
2
Suppose -f + 5*f - 160 = 0. Suppose 4*x - d - f = 0, 4*x - 3*x - 27 = -4*d. What are the prime factors of x?
11
What are the prime factors of 0/1 - -2*79/2?
79
Let q = 16 - 29. Let w = -8 - q. Suppose -2*i + 16 = 5*u, -u - w*i + 9 = -4*u. List the prime factors of u.
2
Suppose -5*s = 5*d - 35, -d - s + 10 = d. Suppose d*w = 2 + 10. List the prime factors of w.
2
Suppose -s + 4*o + 8 + 8 = 0, -12 = 5*s + 3*o. Let w be (-4)/6*(-3 + s). Suppose -12 = -w*l + l. What are the prime factors of l?
2, 3
Let g be (-12)/21 - 2532/(-21). Suppose -4*o = 2*h - 2*o - 54, -2*o - g = -4*h. What are the prime factors of h?
29
Suppose 4*i + 4 = -r, -2*r = -2*i + 4*i + 20. List the prime factors of r/54 + 137/9.
3, 5
Let h(q) = q**2 - 7*q - 13. Let a be h(9). Suppose a*t = 2*t + 15. Suppose 4*n + j - 54 = 4*j, n = 5*j + t. What are the prime factors of n?
3, 5
Suppose 143 = 5*b - 127. What are the prime factors of b?
2, 3
Let x(p) = p. Let r be x(2). Suppose -f = r*b + 21, 42 = f - 3*f + 3*b. Let k = f + 36. What are the prime factors of k?
3, 5
Let s(f) = -f**2 - 7*f + 3. Suppose -4*c - 3*b - 54 = -20, -c + b = 5. List the prime factors of s(c).
3
Let g(a) = 3*a**3 - 10*a**2 + 9. Let n(v) = 2*v**3 - 5*v**2 + 5. Let d(r) = 3*g(r) - 5*n(r). Let j be d(-5). What are the prime factors of 2/2 + 20/j?
11
Let j(h) be the second derivative of -h**4/12 - 3*h**3/2 - 7*h**2/2 - 3*h. List the prime factors of j(-6).
11
Suppose 0 = -0*k + 2*k - 18. Let y(s) = s - 4. Let n be y(k). Suppose -42 = -n*a - f + 1, 0 = 3*a + 5*f - 17. List the prime factors of a.
3
Let h be (-8)/(-12) - 85/(-3). Let z be (h*-2)/2 + 1. Let v = z + 46. What are the prime factors of v?
2, 3
Let v(f) = 2*f + 2*f - 5*f - 5 + f**2 - f. Let h be v(4). Suppose 12 + h = 3*k. What are the prime factors of k?
5
Suppose -2*n + n - 122 = 0. Let b be 4/18 - n/18. List the prime factors of (-128)/(-7) + (-2)/b.
2, 3
Let c be 424/14 - 4/14. Let r = c - 21. What are the prime factors of r?
3
Let f(r) = 4*r + 2. Let z be (16/56)/(1/7). List the prime factors of f(z).
2, 5
Let i be 5/10*(0 - 0). Let c(j) = j + 4. What are the prime factors of c(i)?
2
List the prime factors of (-2)/5 - 144/(-10).
2, 7
Suppose 4*x + 3 = 11, 5*f - 2*x = 386. What are the prime factors of f?
2, 3, 13
Suppose -4*u - 7 = 3*k, 2*k + 3*k + u - 11 = 0. Let b = k + 1. What are the prime factors of b - 2*(-1 + 0)?
2, 3
Suppose 12 = -6*a + 2*a. Let w = a + 10. List the prime factors of w.
7
Let k(t) be the second derivative of t**5/20 - t**4/6 - 5*t**3/6 - t**2/2 - t. Let y be k(4). Suppose -y - 1 = -2*h. List the prime factors of h.
2, 3
Suppose -4*l + 3*w = -374, -2*w + 155 = 3*l - 117. List the prime factors of l.
2, 23
Let f = 449 - 243. List the prime factors of f.
2, 103
Let q be (-6)/(2*1/(-2)). Suppose 4*g = 3*g + q. What are the prime factors of g?
2, 3
Suppose 21 - 1 = 2*j. Let t(r) = -r**2 + 5*r + 6. Let l be t(6). Suppose -j = -5*v - l. List the prime factors of v.
2
Suppose 0*a - 4 = -2*a. Let l(s) = 22 + a*s - s - 3*s + s. What are the prime factors of l(0)?
2, 11
Let s be -12*1*(-2)/3. Let w(a) = -a**3 + 9*a**2 - 9*a + 10. Let r be w(s). What are the prime factors of ((-36)/10)/(r/(-5))?
3
Suppose 0 = 5*u - 5, -2*i - 5*u + 1 = -8. Let g be i/6 - (-142)/6. Suppose 0 = -2*j + s + g, 5*j + 0*j + s = 53. What are the prime factors of j?
11
Let c be ((-1)/(-2))/(1/(-4)). Let m be (c - 4)*2/(-4). What are the prime factors of m/2*(-32)/(-6)?
2
Let r = -22 - -26. Suppose -r = o + 1, a = -2*o + 46. List the prime factors of a.
2, 7
Suppose k + 4*g + 14 = 0, k = 2*k + 2*g + 6. List the prime factors of (-2)/(k - 15/6).
2
Suppose -4*i + 2*z + 368 = -2*z, 4*z - 496 = -5*i. What are the prime factors of i?
2, 3
Let o be 1/2*2*1. Suppose 0 = 5*m - 0*m - 65. Let l = m - o. List the prime factors of l.
2, 3
Suppose 0 = -11*v + 8*v + 294. What are the prime factors of v?
2, 7
Let d = 12 + -21. Let r(b) = b**2 + 7*b - 13. Let l be r(d). Suppose -3*k = -l - 10. List the prime factors of k.
5
Suppose 2*u = -2, 0 = -3*l - 0*l - u - 211. Let f = -142 - l. List the prime factors of 4/(-14) + f/(-7).
2, 5
Let s = 210 + 102. List the prime factors of s.
2, 3, 13
Let d(t) = -19*t + 1. List the prime factors of d(-2).
3, 13
Suppose -2*d + 2 = -d. List the prime factors of d.
2
Suppose -245 = -3*a - 0*a + 2*g, 5*g - 280 = -3*a. List the prime factors of a.
5, 17
Suppose -5*c + 3 + 7 = 0. List the prime factors of c.
2
Let v = 132 + -48. What are the prime factors of v?
2, 3, 7
Let t be ((-2)/(-4))/((-9)/(-90)). Let o = t - -34. List the prime factors of o.
3, 13
Suppose -33 = -4*p + 23. Suppose p*z = 12*z + 10. What are the prime factors of z?
5
Suppose -4*s = s - 195. Let b = 9 + s. List the prime factors of b.
2, 3
Suppose -g - 5 = 4*g. Let c(q) = 9*q**2 - 1. Let f be c(g). What are the prime factors of 27/4 - (-2)/f?
7
List the prime factors of (-262)/(-8) + (-9)/12.
2
Suppose -n = -3*n - 2. What are the prime factors of 2844/63 + n/7?
3, 5
Let x = 11 + -8. Suppose -2*l - x*d = -12, 11 = l + 5*d - d. List the prime factors of l.
3
Suppose s = -s - 294. What are the prime factors of s/(-14)*2/3?
7
Suppose 140 = 2*h + 2*h. What are the prime factors of h?
5, 7
Let l(t) be the first derivative of -t**2/2 + 13*t + 1. What are the pr